
True
Is 2549753 a prime number?
True
Is 3073181 a composite number?
False
Is 458747 prime?
True
Is 85433221 composite?
False
Is 8998273 a composite number?
True
Is 4968707 a composite number?
False
Is 35630779 composite?
False
Is 863339 a prime number?
False
Is 32187361 prime?
False
Is 20109109 composite?
False
Is 67060891 composite?
False
Is 7710301 a prime number?
True
Is 852793 a composite number?
False
Is 7145879 prime?
False
Is 2611711 prime?
False
Is 36509399 a prime number?
False
Is 512139611 composite?
False
Is 16432197 a prime number?
False
Is 164737 prime?
False
Is 3029947 a prime number?
True
Is 44494337 a composite number?
True
Is 44233319 a prime number?
False
Is 88373 a composite number?
True
Is 10584037 prime?
False
Is 286243 a prime number?
True
Is 66719365 a prime number?
False
Is 1922951 a composite number?
False
Is 5984557 composite?
True
Is 1041559 a composite number?
False
Is 6604297 a composite number?
True
Is 26000003 prime?
True
Is 2413739 a prime number?
True
Is 5178093 a prime number?
False
Is 26742869 a composite number?
False
Is 40457 prime?
False
Is 4424605 composite?
True
Is 1873831 a composite number?
False
Is 164884465 a prime number?
False
Is 5165021 a prime number?
True
Is 5997347 a composite number?
False
Is 674276209 composite?
True
Is 66175861 prime?
False
Is 832193 a composite number?
True
Is 6314822 a composite number?
True
Is 775405499 prime?
False
Is 2238157 a composite number?
True
Is 27321583 composite?
False
Is 12719501 a prime number?
False
Is 89556729 composite?
True
Is 1033913 prime?
False
Is 2364701 a composite number?
True
Is 477146 a composite number?
True
Is 314053967 a prime number?
True
Is 21822517 a prime number?
True
Is 3201521 a composite number?
False
Is 26516659 composite?
True
Is 1598623 a composite number?
True
Is 5515813 prime?
True
Is 165153341 a composite number?
False
Is 97856299 composite?
True
Is 20038651 a prime number?
True
Is 729515 prime?
False
Is 4413813 a prime number?
False
Is 1053613 composite?
True
Is 26288789 prime?
True
Is 106965917 a prime number?
True
Is 46841313 prime?
False
Is 103468487 prime?
True
Is 14926435 prime?
False
Is 1228631 a prime number?
True
Is 17112437 composite?
True
Is 32086135 composite?
True
Is 23806141 composite?
False
Is 183143738 a prime number?
False
Is 65464199 prime?
True
Is 103421737 a prime number?
True
Is 64274641 composite?
True
Is 668419 prime?
False
Is 440323262 prime?
False
Is 183431 a prime number?
False
Is 430559281 a composite number?
False
Is 2850721 prime?
False
Is 6454059 composite?
True
Is 20311159 composite?
True
Is 30519553 a composite number?
True
Is 17585857 composite?
False
Is 181889 a prime number?
True
Is 47461763 a prime number?
True
Is 170010791 a composite number?
True
Is 30407029 prime?
False
Is 32252113 a composite number?
False
Is 159688553 composite?
False
Is 1444223 composite?
True
Is 3445277 a prime number?
False
Is 2594161 a composite number?
False
Is 1123854803 composite?
False
Is 64498339 composite?
True
Is 6187739 a composite number?
False
Is 47274067 prime?
True
Is 12885073 prime?
False
Is 9288419 a composite number?
True
Is 9205297 prime?
False
Is 2928001 prime?
False
Is 6492967 prime?
False
Is 95372983 a composite number?
False
Is 3775969 a composite number?
True
Is 7089821 a prime number?
True
Is 71468651 a composite number?
False
Is 1486471 a prime number?
False
Is 24639577 a prime number?
False
Is 14530093 a prime number?
False
Is 110743 composite?
True
Is 307236407 a prime number?
False
Is 52910917 a composite number?
True
Is 2234183 a prime number?
False
Is 33639071 a composite number?
False
Is 2009593 a prime number?
True
Is 13171705 composite?
True
Is 84402049 composite?
False
Is 39966559 a prime number?
False
Is 543383 a composite number?
False
Is 44737131 a prime number?
False
Is 815635 a composite number?
True
Is 353230103 prime?
False
Is 125755529 composite?
False
Is 9769891 a composite number?
False
Is 214173437 prime?
False
Is 74743 composite?
True
Is 4175287 composite?
True
Is 1278959 prime?
False
Is 123843 prime?
False
Is 20437237 a composite number?
False
Is 217586429 a prime number?
True
Is 39367759 composite?
False
Is 47146469 a composite number?
False
Is 34932622 a composite number?
True
Is 276717003 a composite number?
True
Is 298603171 composite?
False
Is 2230979 a composite number?
False
Is 61537835 prime?
False
Is 1219841 composite?
True
Is 17110003 prime?
False
Is 10193347 a composite number?
True
Is 31764539 prime?
False
Is 861395 composite?
True
Is 883495 prime?
False
Is 1202041 prime?
True
Is 219428387 prime?
True
Is 5800441 a prime number?
False
Is 97247 a composite number?
True
Is 593771 composite?
True
Is 9055561 a prime number?
True
Is 51960731 a prime number?
True
Is 8778101 prime?
True
Is 188011 composite?
False
Is 3230917 a prime number?
False
Is 130622633 a prime number?
True
Is 11535829 prime?
True
Is 336630082 a composite number?
True
Is 7544189 a prime number?
False
Is 37363397 a composite number?
True
Is 936601 a composite number?
True
Is 100162637 a prime number?
True
Is 25769173 prime?
True
Is 83878693 composite?
True
Is 1711531 a prime number?
False
Is 80358773 a prime number?
False
Is 101059121 composite?
True
Is 11453491 a prime number?
False
Is 391613 prime?
True
Is 27311093 a composite number?
True
Is 393139 a prime number?
False
Is 2255191 a prime number?
True
Is 56155027 prime?
False
Is 4193743 a composite number?
False
Is 6925727 composite?
False
Is 74381603 prime?
True
Is 2169539 a prime number?
True
Is 213847 composite?
False
Is 5000183 composite?
True
Is 2196487 prime?
True
Is 16482107 a composite number?
False
Is 419450969 composite?
True
Is 50140741 prime?
False
Is 6506599 a composite number?
True
Is 875479 composite?
True
Is 640462562 composite?
True
Is 1831703 prime?
True
Is 3966209 a prime number?
False
Is 10881821 a prime number?
True
Is 6571031 composite?
True
Is 786353 a composite number?
True
Is 838687 a prime number?
True
Is 1047467 a prime number?
True
Is 29387921 composite?
True
Is 2613313 a prime number?
True
Is 14809781 a prime number?
False
Is 8983159 prime?
False
Is 18157417 composite?
True
Is 136956431 prime?
True
Is 76793863 a composite number?
False
Is 52415173 composite?
True
Is 17618849 a prime number?
False
Is 11701069 a prime number?
True
Is 546559291 composite?
False
Is 17034767 a prime number?
True
Is 3126653 composite?
False
Is 37442473 a composite number?
False
Is 4462051 a prime number?
False
Is 4868051 composite?
True
Is 73105133 composite?
False
Is 10517947 composite?
True
Is 18550639 prime?
True
Is 1057657 prime?
True
Is 111014269 prime?
False
Is 241208633 a prime number?
True
Is 1895546 composite?
True
Is 13379 a prime number?
False
Is 9580001 composite?
False
Is 6019187 prime?
True
Is 54412807 composite?
False
Is 4567 a prime number?
True
Is 2074403 prime?
False
Is 11464399 a composite number?
False
Is 107357959 a composite number?
True
Is 22933177 prime?
True
Is 131636069 a prime number?
False
Is 9096809 a prime number?
False
Is 34735339 a prime number?
False
Is 18953789 prime?
False
Is 1449559 a prime number?
False
Is 63859031 a prime number?
True
Is 9914309 a composite number?
False
Is 86701499 composite?
False
Is 4406221 a prime number?
False
Is 331979 composite?
True
Is 1824545 a prime number?
False
Is 34709929 prime?
True
Is 22840451 a composite number?
True
Is 1065409 a prime number?
True
Is 9640705 a composite number?
True
Is 6218333 a composite number?
True
Is 2641277 a prime number?
True
Is 12612359 composite?
False
Is 119023573 a prime number?
True
Is 64003067 a prime number?
False
Is 741661 prime?
True
Is 1098011 a composite number?
True
Is 319367 prime?
False
Is 462173 prime?
False
Is 36058133 a prime number?
False
Is 86892991 composite?
True
Is 100891671 prime?
False
Is 4576063 composite?
False
Is 12729055 a prime number?
False
Is 57082587 prime?
False
Is 19161953 a composite number?
True
Is 1188653 a composite number?
False
Is 12473693 prime?
True
Is 682541861 prime?
True
Is 207631 a prime number?
False
Is 512716637 a composite number?
False
Is 257642731 a composite number?
False
Is 2373333 a prime number?
False
Is 18584227 prime?
True
Is 53727313 prime?
True
Is 21517043 a composite number?
True
Is 4